s 278 divide 37808?
True
Is 3 a factor of 117?
True
Does 21 divide 2446?
False
Does 158 divide 3721?
False
Does 63 divide 7136?
False
Does 39 divide 682?
False
Is 3234 a multiple of 21?
True
Is 46 a factor of 2108?
False
Is 10322 a multiple of 5?
False
Does 23 divide 30168?
False
Is 114 a multiple of 57?
True
Is 946 a multiple of 8?
False
Is 140 a factor of 1540?
True
Is 15756 a multiple of 156?
True
Is 40 a factor of 7960?
True
Is 12959 a multiple of 14?
False
Is 121 a factor of 12677?
False
Does 31 divide 1951?
False
Is 2788 a multiple of 17?
True
Is 85 a factor of 16159?
False
Is 3315 a multiple of 51?
True
Is 82 a factor of 18879?
False
Is 34 a factor of 1632?
True
Does 39 divide 1131?
True
Does 9 divide 40861?
False
Is 17 a factor of 85?
True
Does 57 divide 1539?
True
Does 58 divide 1334?
True
Does 27 divide 3002?
False
Does 27 divide 54?
True
Does 78 divide 279?
False
Does 104 divide 33446?
False
Does 4 divide 803?
False
Is 15262 a multiple of 26?
True
Does 17 divide 2875?
False
Does 3 divide 64?
False
Does 13 divide 1274?
True
Does 12 divide 2628?
True
Does 27 divide 5454?
True
Is 12 a factor of 416?
False
Is 3 a factor of 305?
False
Does 20 divide 760?
True
Is 131 a factor of 17459?
False
Does 18 divide 25328?
False
Does 51 divide 561?
True
Is 6 a factor of 1614?
True
Does 61 divide 9211?
True
Does 11 divide 18240?
False
Is 24296 a multiple of 16?
False
Does 18 divide 216?
True
Is 320 a multiple of 16?
True
Does 13 divide 1950?
True
Is 10 a factor of 2973?
False
Is 641 a multiple of 10?
False
Does 10 divide 3290?
True
Is 12 a factor of 4198?
False
Does 50 divide 3274?
False
Is 7 a factor of 924?
True
Is 17713 a multiple of 162?
False
Is 1200 a multiple of 24?
True
Does 30 divide 8400?
True
Does 5 divide 2795?
True
Does 5 divide 1565?
True
Does 3 divide 699?
True
Does 26 divide 8059?
False
Is 7 a factor of 6486?
False
Is 3101 a multiple of 43?
False
Does 97 divide 3880?
True
Is 59 a factor of 236?
True
Is 8 a factor of 557?
False
Does 115 divide 10465?
True
Is 11247 a multiple of 18?
False
Does 19 divide 1710?
True
Does 26 divide 12012?
True
Does 326 divide 1485?
False
Does 18 divide 2322?
True
Is 21 a factor of 4830?
True
Is 14169 a multiple of 206?
False
Does 6 divide 8520?
True
Is 160 a factor of 3047?
False
Is 3 a factor of 496?
False
Does 25 divide 5450?
True
Is 240 a multiple of 80?
True
Does 15 divide 1834?
False
Does 9 divide 530?
False
Is 3361 a multiple of 18?
False
Is 28 a factor of 1630?
False
Is 1352 a multiple of 104?
True
Does 4 divide 280?
True
Does 10 divide 3830?
True
Is 1163 a multiple of 5?
False
Does 7 divide 23854?
False
Does 52 divide 1817?
False
Is 6664 a multiple of 68?
True
Is 6708 a multiple of 26?
True
Does 61 divide 2074?
True
Is 2072 a multiple of 74?
True
Does 91 divide 1456?
True
Is 240 a factor of 31716?
False
Is 40 a factor of 1400?
True
Is 56 a factor of 115472?
True
Does 21 divide 44812?
False
Is 49 a factor of 185?
False
Is 1376 a multiple of 31?
False
Is 275 a multiple of 25?
True
Does 4 divide 44?
True
Does 6 divide 5442?
True
Does 66 divide 59569?
False
Is 58 a factor of 30102?
True
Is 7944 a multiple of 96?
False
Is 5 a factor of 5125?
True
Does 126 divide 6552?
True
Is 3 a factor of 33?
True
Is 1009 a multiple of 8?
False
Is 161 a factor of 36732?
False
Is 5 a factor of 2872?
False
Is 89 a factor of 1254?
False
Is 11 a factor of 220?
True
Is 2560 a multiple of 160?
True
Is 366 a multiple of 6?
True
Is 49 a factor of 5782?
True
Does 11 divide 4928?
True
Is 53863 a multiple of 140?
False
Is 32 a factor of 125?
False
Is 75 a factor of 18625?
False
Is 36 a factor of 16102?
False
Is 159521 a multiple of 10?
False
Does 17 divide 2114?
False
Is 3 a factor of 15655?
False
Does 6 divide 1038?
True
Is 95461 a multiple of 234?
False
Is 16184 a multiple of 14?
True
Is 14 a factor of 1782?
False
Is 78795 a multiple of 374?
False
Is 28151 a multiple of 6?
False
Does 24 divide 64888?
False
Is 88 a multiple of 44?
True
Is 2970 a multiple of 18?
True
Does 17 divide 986?
True
Is 99 a factor of 3069?
True
Is 22 a factor of 63799?
False
Does 9 divide 20866?
False
Does 5 divide 52?
False
Is 14168 a multiple of 56?
True
Is 552 a multiple of 12?
True
Is 2985 a multiple of 52?
False
Is 28 a factor of 224?
True
Is 111 a factor of 1554?
True
Is 585 a multiple of 27?
False
Is 152 a multiple of 57?
False
Is 1615 a multiple of 10?
False
Is 61180 a multiple of 152?
False
Is 1456 a multiple of 14?
True
Is 225 a multiple of 20?
False
Is 6 even?
True
Is 10 a factor of 712?
False
Is 891 a multiple of 6?
False
Is 142 a factor of 3408?
True
Is 32 a factor of 4957?
False
Is 9 a factor of 325?
False
Does 14 divide 1347?
False
Is 11 a factor of 38852?
True
Does 18 divide 2628?
True
Is 21896 a multiple of 8?
True
Is 72 a factor of 4828?
False
Is 7789 a multiple of 63?
False
Is 3149 a multiple of 69?
False
Is 665 a multiple of 19?
True
Is 621 a multiple of 23?
True
Is 687 a multiple of 24?
False
Is 180 a factor of 50580?
True
Does 8 divide 3775?
False
Is 56 a multiple of 14?
True
Is 124167 a multiple of 109?
False
Is 68 a factor of 4080?
True
Does 3 divide 10896?
True
Is 4452 a multiple of 28?
True
Is 4 a factor of 82?
False
Does 11 divide 519?
False
Is 5058 a multiple of 4?
False
Is 31 a factor of 284?
False
Does 4 divide 4296?
True
Is 2515 a multiple of 21?
False
Is 703 a multiple of 5?
False
Does 6 divide 1038?
True
Does 4 divide 68?
True
Does 13 divide 91013?
True
Does 24 divide 16728?
True
Does 18 divide 20286?
True
Is 6218 a multiple of 10?
False
Does 78 divide 17909?
False
Is 21 a factor of 12030?
False
Is 40 a multiple of 6?
False
Is 37 a factor of 777?
True
Does 43 divide 3080?
False
Is 16 a factor of 10066?
False
Is 37560 a multiple of 24?
True
Is 10462 a multiple of 40?
False
Is 19 a factor of 284?
False
Does 230 divide 37071?
False
Is 139715 a multiple of 45?
False
Is 132 a multiple of 22?
True
Does 256 divide 37664?
False
Does 47 divide 27245?
False
Is 178 a multiple of 48?
False
Is 5984 a multiple of 32?
True
Is 127 a factor of 18974?
False
Is 36 a factor of 42319?
False
Is 191 a multiple of 20?
False
Does 6 divide 84?
True
Is 4327 even?
False
Does 23 divide 1823?
False
Is 16 a factor of 830?
False
Does 46 divide 60582?
True
Is 1783 a multiple of 47?
False
Is 90 a factor of 11986?
False
Does 134 divide 23079?
False
Is 320 a multiple of 32?
True
Is 3 a factor of 516?
True
Is 7029 a multiple of 11?
True
Does 30 divide 12366?
False
Does 69 divide 3726?
True
Is 14 a factor of 602?
True
Is 127 a multiple of 11?
False
Does 24 divide 1008?
True
Is 2360 a multiple of 40?
True
Is 14 a factor of 251?
False
Is 1408 a multiple of 32?
True
Is 13 a factor of 768?
False
Is 2986 a multiple of 18?
False
Is 3 a factor of 2631?
True
Is 7 a multiple of 3?
False
Is 149 a factor of 3576?
True
Is 49 a factor of 7938?
True
Does 56 divide 1456?
True
Does 46 divide 4876?
True
Is 1311 a multiple of 57?
True
Is 4953 a multiple of 6?
False
Is 666 a multiple of 18?
True
Is 12 a factor of 45936?
True
Does 10 divide 349?
False
Is 45 a factor of 60975?
True
Is 36408 a multiple of 123?
True
Is 43 a factor of 511?
False
Is 1320 a multiple of 30?
True
Does 14 divide 23016?
True
Is 63 a factor of 567?
True
Is 290 a multiple of 13?
False
Does 27 divide 1908?
False
Is 345 a multiple of 23?
True
Is 183 a multiple of 18?
False
Is 291 a factor of 18042?
True
Is 803 a multiple of 11?
True
Is 1279 a multiple of 11?
False
Is 5242 a multiple of 10?
False
Is 666 a multiple of 14?
False
Is 403 a multiple of 5?
False
Does 132 divide 47916?
True
Is 500 a multiple of 125?
True
Is 19 a factor of 39995?
True
Is 20 a factor of 8460?
True
Is 21028 a multiple of 28?
True
Is 14 a factor of 593?
False
Is 5242 a multiple of 55?
False
Is 131 a factor of 72999?
False
Does 67 divide 1242?
False
Is 172 a factor of 10771?
False
Is 63 a factor of 145593?
True
Does 16 divide 2847?
False
Is 4 a factor of 105?
False
Is 81 a factor of 7831?
False
Is 7 a factor of 19329?
False
Does 6 divide 194?
False
Does 89 divide 8073?
False
Does 139 divide 42812?
True
Does 19 divide 11989?
True
Is 102 a factor of 5220?
False
Is 1580 a multiple of 20?
True
Is 29 a factor of 155?
False
Does 46 divide 77005?
False
Is 14 a factor of 1536?
False
Is 65 a factor of 16575?
True
Is 3300 a multiple of 20?
Tr